 prime factors of o?
5, 277
Suppose 6*q = q + 395. Suppose -2*j = -0*g - 4*g - 58, 3*j - 2*g - q = 0. Suppose -2*x + 3*f = -j, 0 = -5*x + 3*f - 33 + 91. What are the prime factors of x?
11
Suppose 10*k = 5*k + 15. Suppose 0*m + 21 = k*m. Let i = m - -11. What are the prime factors of i?
2, 3
Let v = -109 + 40. Let n = v - -272. List the prime factors of n.
7, 29
Let o = -3 + -1. Let q(r) = -12*r - r - 682 + 670. List the prime factors of q(o).
2, 5
Let n(r) = -r**3 + r**2 + r. Let k be n(0). Suppose -y = -k*y + 6. Let s = y + 25. What are the prime factors of s?
19
Let l(a) = 65*a**2 - 4*a + 16. List the prime factors of l(3).
19, 31
Let c(w) = 9*w**2 + 2. Suppose -3*g + 18 = j + 3*j, 0 = -3*g + 3*j - 3. Let h be c(g). Suppose d + d - 4*u = h, 4*d = u + 111. List the prime factors of d.
29
Suppose -65 = -5*w + 135. Suppose -9 = z - x, 4*x + 8 - w = 3*z. Let n(s) = 3*s**2 + 5*s - 4. List the prime factors of n(z).
2, 3
What are the prime factors of 3*((-473)/(-3) + (-16 - -17))?
2, 7, 17
Let z = 30 + -18. Let l be -1 + -1 + z + -4. Suppose 0*g - l = -g. List the prime factors of g.
2, 3
Let o(m) = 4*m**3 - 9*m**2 + m + 10. Let d be o(6). Suppose 4*z + 4*r = d, 5*r + 36 = z - 121. Suppose -5*t + z = -98. What are the prime factors of t?
2, 3
Suppose 7*a + 700 = -0*a. What are the prime factors of (106/(-4) + -1)*a/25?
2, 5, 11
Let f = 679 - -1686. List the prime factors of f.
5, 11, 43
Let o = 15 - 13. Suppose 5*x = -4*w + 45, -x + 0*x = -o*w + 5. Suppose w*i + 35 - 285 = 0. List the prime factors of i.
2, 5
Suppose -61*n + 93840 = 7*n. What are the prime factors of n?
2, 3, 5, 23
Let j(d) = -17*d + 12. What are the prime factors of j(-30)?
2, 3, 29
Suppose 25 = 5*t, -3*j + 2*t = -t - 579. Let b = -51 + j. What are the prime factors of b?
3, 7
Let v(f) = 14*f**2 - 11*f + 20. What are the prime factors of v(4)?
2, 5
Let t = 35 + -32. Suppose 46 = -4*q + 3*i, 5*q + t*i = -2*i - 40. Let a(z) = z**3 + 8*z**2 - 21*z - 5. What are the prime factors of a(q)?
5
Suppose o - 5*g + 3 = 0, -2*o = -4*o + 5*g - 6. What are the prime factors of (o + -318)*(-7)/21?
107
Let s = 170 + 657. List the prime factors of s.
827
List the prime factors of (-5 - -1) + 22320/62.
2, 89
Suppose -8*t = -11*t - 4*a + 3876, 0 = -4*a + 12. What are the prime factors of t?
2, 7, 23
Let v = -45 - -233. What are the prime factors of v?
2, 47
Let k(p) = p + 17. Let c be k(-12). Suppose -3*u + 5*h - 1 = -u, -5*h - c = 0. What are the prime factors of 2 + (0/u)/(-4)?
2
Suppose 4*i - 1011 + 7 = 0. What are the prime factors of i?
251
Suppose 0*y - 7*y + 413 = 0. Suppose 0 = -5*g + 291 + y. List the prime factors of g.
2, 5, 7
Suppose -8*m + 46148 - 16668 = 0. What are the prime factors of m?
5, 11, 67
Let z = 7 - 10. Let i be (-1 + 0)*(z - 1). Suppose i*q - 5*j = 71, -100 = -4*q - q + 4*j. List the prime factors of q.
2, 3
Let q = 963 + -250. List the prime factors of q.
23, 31
Suppose -32*d + 28*d = -20. Suppose 421 = 4*v + d*m - 2*m, -5*m = -5*v + 535. List the prime factors of v.
2, 53
Let g(i) = -3*i - 2*i**2 - 6*i**2 - 7*i**2 + 4 + 19*i**2. Suppose -2*f = 4*v - 18, 5*v - 2*f - 4 = 5. What are the prime factors of g(v)?
31
Let s(d) = 10*d**3 - 10*d**2 + 22*d - 25. What are the prime factors of s(5)?
5, 7, 31
Let g(l) = -l**3 + 3*l**2 - 2*l + 3. Let a be g(3). Let k = a - 21. Let n = 29 + k. What are the prime factors of n?
5
Let l = -6 + 8. Suppose -l*f + 189 = 5*b, f + b - 4*b - 78 = 0. List the prime factors of f.
3, 29
Let l = 43 - 40. Suppose f - 2*f = -5*h + 275, l*f - 239 = -4*h. List the prime factors of h.
2, 7
Let w = 9 + -6. Suppose w*x + 2*x + 20 = 0. List the prime factors of (-110)/(-5) + x/1.
2, 3
Let j(m) be the second derivative of -m**3/6 - 3*m**2 + 2*m. Let s be j(0). Let k(v) = -10*v - 14. What are the prime factors of k(s)?
2, 23
Let u be -160 + (6*-1)/(-3). Let q = 255 + u. List the prime factors of q.
97
Let k be (4/(-6))/((-8)/(-12)). List the prime factors of (1 - k)*(-540)/(-24).
3, 5
Suppose -u - i + 96 = 0, -4*u + 0*i + 420 = -5*i. List the prime factors of u.
2, 5
Let s = 1523 - 464. What are the prime factors of s?
3, 353
Suppose -3*g = -1677 - 864. What are the prime factors of g?
7, 11
What are the prime factors of (1 + 4)/(2/256) + 4?
2, 7, 23
Let w(k) = 34*k**2 - 9*k - 3. List the prime factors of w(4).
5, 101
Let n be (6 + -4)/((-2)/27). Let a = n - -5. What are the prime factors of (1/2)/((-1)/a)?
11
Let v(o) = 11*o**2 - 16*o + 121. List the prime factors of v(-19).
2, 7, 157
Suppose p = a + 328, -2*p + 278 = 4*a - 360. What are the prime factors of p?
5, 13
Let m(s) = 3*s + 20. Let h be m(-11). Let a(o) = 2*o - 30. Let v be a(h). Let p = 95 + v. List the prime factors of p.
3, 13
Let b(y) = y**3 + 13*y**2 - 17*y - 15. Let v be b(-14). Suppose 3*j - v = j - 3*m, -4*m = 2*j - 32. List the prime factors of (-2 + j)/((-4)/(-18)).
2, 3
Suppose 0 = -13*y + 7*y - 342. Suppose 4*p - 3*d = p - 27, 2*d + 7 = -3*p. List the prime factors of -2 + (-25)/p - y.
2, 3, 5
Let r = 2396 - 1526. What are the prime factors of r?
2, 3, 5, 29
Suppose -4*y + 8 + 0 = 0. Suppose -918 = -7*b - y*b. What are the prime factors of b?
2, 3, 17
Let a(q) = 2*q + 59. Let z be a(-28). Suppose -z*c - 97 = -4*c. List the prime factors of c.
97
Suppose -2*z - 117 = 3*o + 2*o, 3*o + 72 = -3*z. Let u be o/(-1) + -1 + -1. What are the prime factors of -1*u*(-4)/6?
2, 7
Let v(g) = -11*g + 4*g + 15*g + 16*g + 16. What are the prime factors of v(4)?
2, 7
Suppose -2*a + 2*k = -6, 4*a = 2*k - 6*k + 28. Suppose -u + 0 = 4*o + 2, -5*o = -a*u - 135. Let s = u + 42. List the prime factors of s.
2, 5
Let g = 281 - -80. What are the prime factors of g?
19
Let f = -12 - -11. Let i be f*((-9)/3 - 2). What are the prime factors of (44/i)/(12/30)?
2, 11
Let k(z) = z**3 - 10*z**2 - 11*z + 12. Let d be k(11). What are the prime factors of 160/12*99/d?
2, 5, 11
Let d be 14 - 9 - (2 + -1). Suppose 5 = -r - d*c - 16, 9 = -2*r + 3*c. What are the prime factors of (-4 - r/2)*36?
2, 3
Let r(u) = -2*u. Let n be r(-20). Let v = -15 + n. What are the prime factors of v?
5
Let i(k) = 335*k**2 + 10*k + 13. What are the prime factors of i(-4)?
5333
Suppose -2*a - 4*w - 46 = 0, -4*w = -w + 15. Suppose 0 = 10*t - 217 - 43. Let o = t + a. What are the prime factors of o?
13
Let i = 1248 + -422. List the prime factors of i.
2, 7, 59
Suppose -5*j = -0*a - 5*a - 11075, -5*j + 11115 = 5*a. What are the prime factors of j?
7, 317
Suppose -7*k + 12*k - 3480 = 0. List the prime factors of k.
2, 3, 29
Suppose 0 = 60*i - 110909 - 40291. What are the prime factors of i?
2, 3, 5, 7
Suppose 3*p - 2 + 8 = 0, 0 = -4*t - p + 38. Suppose -3*z + 65 = -t. List the prime factors of (1 - 1)/(-2) + z.
5
Suppose -6*z + z + 140 = 0. Suppose -45*d - z = -49*d. What are the prime factors of d?
7
Let a(l) = -l**2 + 11*l + 5. Let c be a(8). Let w be 4 + -2*c + -3. List the prime factors of w/(-2) - 7/(-14).
29
Let b = -32 + 40. Let z(r) = -r**3 + 10*r**2 - 10*r - 8. List the prime factors of z(b).
2, 5
Let p be (15/(-40))/((-1)/8). Suppose -2*t - p*k = -129, -t = 4*k - 51 - 26. List the prime factors of t.
3, 19
Let t(s) be the third derivative of -s**6/40 - s**5/12 - s**4/8 - s**3/6 - 25*s**2. Suppose 12 = 3*x - 7*x. List the prime factors of t(x).
2, 11
Suppose 5*a + 5*p = -15, 2*p + 13 = 5*a - 0. Let y be (-24 - (2 - -1)) + a. Let v = 45 + y. What are the prime factors of v?
19
Suppose 4*o - 12 = -0*o. Suppose 2*d = -2*h + 212, -6*d + h + 338 = -o*d. List the prime factors of d.
3, 37
Let s be (5/(45/948))/(2/3). Let z = s + 66. List the prime factors of z.
2, 7
Let v be (-144)/(-9) + 5*-1. Suppose -v*w - 446 = -13*w. List the prime factors of w.
223
Let a(h) = h**3 - 7*h**2 - 5*h + 16. Let x be a(11). Let g = -268 + x. List the prime factors of g.
3, 59
Suppose 5*s + 5*q = 3742 - 797, 0 = s - 3*q - 597. What are the prime factors of s?
3, 197
Suppose 0*n + n - 13 = 0. Let w = -7 + n. Suppose 0 = 4*q - w*r + 2*r - 4, 7 = -q + 5*r. List the prime factors of q.
3
Suppose -23*b + 11*b + 14784 = 0. What are the prime factors of b?
2, 7, 11
Suppose h - 3 = -7*f + 2*f, -h = 2*f - 3. Suppose -l + 304 = h*l. Let r = -21 + l. What are the prime factors of r?
5, 11
Suppose -p = -5*c + 29, -4*p - 30 = -2*c + p. Suppose 2*q - 4*a + 0*a = 26, 15 = -